{"id":1772,"date":"2021-03-07T22:43:44","date_gmt":"2021-03-07T22:43:44","guid":{"rendered":"https:\/\/www.labdoo.org\/global\/?page_id=1772"},"modified":"2021-03-11T09:09:00","modified_gmt":"2021-03-11T09:09:00","slug":"col%c2%b7laborar","status":"publish","type":"page","link":"https:\/\/www.labdoo.org\/global\/ca\/collaborar\/","title":{"rendered":"Col\u00b7laborar"},"content":{"rendered":"<div class=\"wp-block-columns is-layout-flex wp-container-core-columns-is-layout-9d6595d7 wp-block-columns-is-layout-flex\">\n<div class=\"wp-block-column is-layout-flow wp-block-column-is-layout-flow\">\n<figure class=\"wp-block-image size-large\"><a href=\"https:\/\/platform.labdoo.org\/ca\/content\/contact-labdoo?re=0\" target=\"_blank\" rel=\"noopener\"><img fetchpriority=\"high\" decoding=\"async\" width=\"449\" height=\"163\" src=\"https:\/\/www.labdoo.org\/global\/wp-content\/uploads\/sites\/9\/2021\/03\/button-contribute-computer-ca-449x163.png\" alt=\"\" class=\"wp-image-1834\" \/><\/a><\/figure>\n\n\n\n<h4 class=\"wp-block-heading\" id=\"https:\/\/platform.labdoo.org\/ca\/content\/contact-labdoo?re=0\">Tens un ordinador o una tauleta que ja no utilitzes?<\/h4>\n\n\n\n<p class=\"has-medium-font-size\">Dona\u2019l a trav\u00e9s de la plataforma Labdoo. El transformarem en una poderosa einal educativa i el lliurarem a una escola desafavorida.<\/p>\n<\/div>\n\n\n\n<div class=\"wp-block-column is-layout-flow wp-block-column-is-layout-flow\">\n<figure class=\"wp-block-image size-large\"><a href=\"https:\/\/platform.labdoo.org\/ca\/content\/contact-labdoo?re=1\" target=\"_blank\" rel=\"noopener\"><img decoding=\"async\" width=\"427\" height=\"160\" src=\"https:\/\/www.labdoo.org\/global\/wp-content\/uploads\/sites\/9\/2021\/03\/button-contribute-dootrip-ca-427x160.png\" alt=\"\" class=\"wp-image-1835\" \/><\/a><\/figure>\n\n\n\n<h4 class=\"wp-block-heading\">Has de viatjar i voldries transportar un port\u00e0til a una escola?<\/h4>\n\n\n\n<p class=\"has-medium-font-size\">Tant si viatges per vacances, per la teva ONG, o per feina, comunica\u2019t amb Labdoo i et posarem en contacte amb una escola en el teu pa\u00eds dest\u00ed on podr\u00e0s lliurar un port\u00e0til educatiu.<\/p>\n<\/div>\n\n\n\n<div class=\"wp-block-column is-layout-flow wp-block-column-is-layout-flow\">\n<figure class=\"wp-block-image size-large\"><a href=\"https:\/\/platform.labdoo.org\/ca\/content\/contact-labdoo?re=3\" target=\"_blank\" rel=\"noopener\"><img decoding=\"async\" width=\"427\" height=\"161\" src=\"https:\/\/www.labdoo.org\/global\/wp-content\/uploads\/sites\/9\/2021\/03\/button-create-school-ca-427x161.png\" alt=\"\" class=\"wp-image-1836\" \/><\/a><\/figure>\n\n\n\n<h4 class=\"wp-block-heading\">Necessites ordinadors per una escola o un centre educatiu?<\/h4>\n\n\n\n<p class=\"has-medium-font-size\">Ens alegrar\u00e0 molt poder-te donar un cop de m\u00e0 proporcionant-te port\u00e0tils educatius gratu\u00eftament.<\/p>\n<\/div>\n\n\n\n<div class=\"wp-block-column is-layout-flow wp-block-column-is-layout-flow\">\n<figure class=\"wp-block-image size-large\"><a href=\"https:\/\/platform.labdoo.org\/ca\/content\/contact-labdoo?re=2\" target=\"_blank\" rel=\"noopener\"><img loading=\"lazy\" decoding=\"async\" width=\"429\" height=\"164\" src=\"https:\/\/www.labdoo.org\/global\/wp-content\/uploads\/sites\/9\/2021\/03\/button-create-contact-ca-429x164.png\" alt=\"\" class=\"wp-image-1837\" \/><\/a><\/figure>\n\n\n\n<h4 class=\"wp-block-heading\">Vols crear el teu propi hub Labdoo o tens alguna pregunta?<\/h4>\n\n\n\n<p class=\"has-medium-font-size\">Crea el teu propi hub, fes campanyes en la teva comunitat, conciencia el teu entorn\u2026 sempre hi ha alguna cosa que pots fer per ajudar.<\/p>\n<\/div>\n<\/div>\n\n\n\n<div class=\"wp-block-columns ticss-4372fe51 is-layout-flex wp-container-core-columns-is-layout-9d6595d7 wp-block-columns-is-layout-flex\">\n<div class=\"wp-block-column is-layout-flow wp-block-column-is-layout-flow\">\n<div class=\"wp-block-image\"><figure class=\"alignright size-large is-resized\"><a href=\"https:\/\/platform.labdoo.org\/ca\/user\/register\" target=\"_blank\" rel=\"noopener\"><img loading=\"lazy\" decoding=\"async\" src=\"https:\/\/www.labdoo.org\/global\/wp-content\/uploads\/sites\/9\/2021\/03\/button-join-labdoo-ca-431x160.png\" alt=\"\" class=\"wp-image-1840\" width=\"222\" height=\"81\" \/><\/a><\/figure><\/div>\n<\/div>\n\n\n\n<div class=\"wp-block-column is-layout-flow wp-block-column-is-layout-flow\">\n<div style=\"height:8px\" aria-hidden=\"true\" class=\"wp-block-spacer\"><\/div>\n\n\n\n<h4 class=\"ticss-363bbd8e wp-block-heading\"><strong>Forma part d\u2019aquesta incre\u00efble aventura.<\/strong><\/h4>\n\n\n\n<p class=\"has-medium-font-size\">Registra\u2019t a la plataforma Labdoo per comen\u00e7ar a etiquetar port\u00e0tils i ajudar a les escoles d\u2019arreu del m\u00f3n.<\/p>\n<\/div>\n<\/div>\n\n\n\n<hr class=\"wp-block-separator has-text-color has-background has-cyan-bluish-gray-background-color has-cyan-bluish-gray-color is-style-wide\" \/>\n\n\n\n<div class=\"wp-block-columns is-layout-flex wp-container-core-columns-is-layout-9d6595d7 wp-block-columns-is-layout-flex\">\n<div class=\"wp-block-column is-layout-flow wp-block-column-is-layout-flow\" style=\"flex-basis:100%\">\n<h1 class=\"wp-block-heading\">Coses que pots fer com a voluntari Labdoo<\/h1>\n\n\n\n<div class=\"wp-block-media-text alignwide is-stacked-on-mobile\" style=\"grid-template-columns:18% auto\"><figure class=\"wp-block-media-text__media\"><img loading=\"lazy\" decoding=\"async\" width=\"272\" height=\"400\" src=\"https:\/\/www.labdoo.org\/global\/wp-content\/uploads\/sites\/9\/2021\/02\/WP_global_collab_0-1-e1612637842364.jpg\" alt=\"\" class=\"wp-image-1423 size-full\" \/><\/figure><div class=\"wp-block-media-text__content\">\n<h4 class=\"wp-block-heading\">Has de viatjar i t\u2019agradaria portar un port\u00e0til a una escola?<\/h4>\n\n\n\n<p class=\"has-medium-font-size\"><a href=\"https:\/\/platform.labdoo.org\/ca\/content\/contact-labdoo?re=1\" target=\"_blank\" rel=\"noopener\">Clica aqu\u00ed per contactar amb Labdoo<\/a>. Et posarem en contacte amb una escola que estigui en el teu dest\u00ed on podr\u00e0s lliurar un port\u00e0til educatiu.<\/p>\n\n\n\n<p class=\"has-medium-font-size\">Bons viatges!<\/p>\n<\/div><\/div>\n\n\n\n<div style=\"height:100px\" aria-hidden=\"true\" class=\"wp-block-spacer\"><\/div>\n\n\n\n<div class=\"wp-block-media-text alignwide is-stacked-on-mobile\" style=\"grid-template-columns:18% auto\"><figure class=\"wp-block-media-text__media\"><img loading=\"lazy\" decoding=\"async\" width=\"400\" height=\"305\" src=\"https:\/\/www.labdoo.org\/global\/wp-content\/uploads\/sites\/9\/2021\/02\/WP_global_collab_5-e1612637292968.jpg\" alt=\"\" class=\"wp-image-1416 size-full\" \/><\/figure><div class=\"wp-block-media-text__content\">\n<h4 class=\"wp-block-heading\">Explica la hist\u00f2ria de Labdoo<\/h4>\n\n\n\n<p class=\"has-medium-font-size\">T\u2019agrada compartir hist\u00f2ries apassionants?<\/p>\n\n\n\n<p class=\"has-medium-font-size\">Explica la hist\u00f2ria de Labdoo als teus amics, comparteix les teves experi\u00e8ncies Labdoo, fes-nos presents en el teu entorn i ajuda\u2019ns a fer cr\u00e9ixer la comunitat solid\u00e0ria.<br><a href=\"https:\/\/www.facebook.com\/groups\/LabdooCAT\" target=\"_blank\" rel=\"noopener\">Labdoo a Facebook<\/a> <br><a href=\"https:\/\/twitter.com\/labdoo_es\" target=\"_blank\" rel=\"noopener\">Labdoo a Twitter<\/a><br><a href=\"https:\/\/www.instagram.com\/labdoo_es\" target=\"_blank\" rel=\"noopener\">Labdoo a Instagram<\/a><br><a href=\"https:\/\/www.linkedin.com\/company\/labdoo.org\/\" target=\"_blank\" rel=\"noopener\">Labdoo a LinkedIn<\/a><\/p>\n<\/div><\/div>\n\n\n\n<div style=\"height:30px\" aria-hidden=\"true\" class=\"wp-block-spacer\"><\/div>\n\n\n\n<div class=\"wp-block-media-text alignwide is-stacked-on-mobile\" style=\"grid-template-columns:18% auto\"><figure class=\"wp-block-media-text__media\"><img loading=\"lazy\" decoding=\"async\" width=\"337\" height=\"389\" src=\"https:\/\/www.labdoo.org\/global\/wp-content\/uploads\/sites\/9\/2021\/02\/WP_global_collab_3.jpg\" alt=\"\" class=\"wp-image-1414 size-full\" srcset=\"https:\/\/www.labdoo.org\/global\/wp-content\/uploads\/sites\/9\/2021\/02\/WP_global_collab_3.jpg 337w, https:\/\/www.labdoo.org\/global\/wp-content\/uploads\/sites\/9\/2021\/02\/WP_global_collab_3-260x300.jpg 260w\" sizes=\"(max-width: 337px) 100vw, 337px\" \/><\/figure><div class=\"wp-block-media-text__content\">\n<h4 class=\"wp-block-heading\">Crea un Hub Labdoo a la teva ciutat<\/h4>\n\n\n\n<p class=\"has-medium-font-size\">Vols ajudar a proporcionar educaci\u00f3 als infants m\u00e9s desafavorits?<\/p>\n\n\n\n<p class=\"has-medium-font-size\"><a href=\"https:\/\/platform.labdoo.org\/ca\/content\/contact-labdoo?re=2\" target=\"_blank\" rel=\"noopener\">Contacta&#8217;ns i crea el teu propi Hub Labdoo<\/a>. Pots actuar des de casa teva, des de la feina, des de la teva escola, des de la universitat o des de la teva ONG. Marca la difer\u00e8ncia, local i globalment!<\/p>\n<\/div><\/div>\n\n\n\n<div style=\"height:100px\" aria-hidden=\"true\" class=\"wp-block-spacer\"><\/div>\n\n\n\n<div class=\"wp-block-media-text alignwide is-stacked-on-mobile\" style=\"grid-template-columns:18% auto\"><figure class=\"wp-block-media-text__media\"><img loading=\"lazy\" decoding=\"async\" width=\"400\" height=\"380\" src=\"https:\/\/www.labdoo.org\/global\/wp-content\/uploads\/sites\/9\/2021\/02\/WP_global_collab_2-e1612637248397.jpg\" alt=\"\" class=\"wp-image-1413 size-full\" \/><\/figure><div class=\"wp-block-media-text__content\">\n<h4 class=\"wp-block-heading\">Col\u00b7laboraci\u00f3 amb empreses<\/h4>\n\n\n\n<p class=\"has-medium-font-size\">La teva empresa est\u00e0 planejant retirar port\u00e0tils o tauletes?<\/p>\n\n\n\n<p class=\"has-medium-font-size\">Aquests dispositius podrien marcar la difer\u00e8ncia en la vida de molts nens i nenes. <a href=\"https:\/\/platform.labdoo.org\/content\/labdoos-corporate-social-responsibility-csr-package\" target=\"_blank\" rel=\"noopener\">Mira els nostres paquets de Responsabilitat Social Corporativa<\/a> i <a href=\"https:\/\/platform.labdoo.org\/ca\/content\/contact-labdoo?re=4\" target=\"_blank\" rel=\"noopener\">contacta&#8217;ns<\/a>.<\/p>\n<\/div><\/div>\n\n\n\n<div style=\"height:100px\" aria-hidden=\"true\" class=\"wp-block-spacer\"><\/div>\n\n\n\n<div class=\"wp-block-media-text alignwide is-stacked-on-mobile\" style=\"grid-template-columns:18% auto\"><figure class=\"wp-block-media-text__media\"><img loading=\"lazy\" decoding=\"async\" width=\"400\" height=\"326\" src=\"https:\/\/www.labdoo.org\/global\/wp-content\/uploads\/sites\/9\/2021\/02\/WP_global_collab_6-e1612637219548.jpg\" alt=\"\" class=\"wp-image-1417 size-full\" \/><\/figure><div class=\"wp-block-media-text__content\">\n<h4 class=\"wp-block-heading\">Implementa l&#8217;econom\u00eda circular al teu poble o ciutat<\/h4>\n\n\n\n<p class=\"has-medium-font-size\"><a href=\"https:\/\/platform.labdoo.org\/content\/labdoo-ciutats\" target=\"_blank\" rel=\"noopener\">Mira el nostre programa de Labdoo per ciutats<\/a><\/p>\n\n\n\n<p class=\"has-medium-font-size\">Troba la forma d&#8217;ajudar gent en la teva pr\u00f2pia ciutat i contribueix a eliminar la bretxa digital.<\/p>\n<\/div><\/div>\n\n\n\n<div style=\"height:100px\" aria-hidden=\"true\" class=\"wp-block-spacer\"><\/div>\n\n\n\n<div class=\"wp-block-media-text alignwide is-stacked-on-mobile\" style=\"grid-template-columns:18% auto\"><figure class=\"wp-block-media-text__media\"><img loading=\"lazy\" decoding=\"async\" width=\"419\" height=\"480\" src=\"https:\/\/www.labdoo.org\/global\/wp-content\/uploads\/sites\/9\/2021\/02\/WP_global_collab_4-1-419x480.jpg\" alt=\"\" class=\"wp-image-1418 size-full\" \/><\/figure><div class=\"wp-block-media-text__content\">\n<h4 class=\"wp-block-heading\">Ajuda a traduir Labdoo.org<\/h4>\n\n\n\n<p class=\"has-medium-font-size\">Se&#8217;t donen b\u00e9 els idiomes? <\/p>\n\n\n\n<p class=\"has-medium-font-size\"><a href=\"https:\/\/platform.labdoo.org\/ca\/content\/contact-labdoo?re=4\" target=\"_blank\" rel=\"noopener\">Ajuda Labdoo traduint<\/a> manuals, v\u00eddeos, continguts, etc. Ajuda Labdoo a arribar a m\u00e9s gent!<\/p>\n<\/div><\/div>\n\n\n\n<div style=\"height:100px\" aria-hidden=\"true\" class=\"wp-block-spacer\"><\/div>\n\n\n\n<div class=\"wp-block-media-text alignwide is-stacked-on-mobile\" style=\"grid-template-columns:18% auto\"><figure class=\"wp-block-media-text__media\"><img loading=\"lazy\" decoding=\"async\" width=\"400\" height=\"400\" src=\"https:\/\/www.labdoo.org\/global\/wp-content\/uploads\/sites\/9\/2021\/02\/WP_global_collab_1-e1612636964543.jpg\" alt=\"\" class=\"wp-image-1412 size-full\" srcset=\"https:\/\/www.labdoo.org\/global\/wp-content\/uploads\/sites\/9\/2021\/02\/WP_global_collab_1-e1612636964543.jpg 400w, https:\/\/www.labdoo.org\/global\/wp-content\/uploads\/sites\/9\/2021\/02\/WP_global_collab_1-e1612636964543-300x300.jpg 300w, https:\/\/www.labdoo.org\/global\/wp-content\/uploads\/sites\/9\/2021\/02\/WP_global_collab_1-e1612636964543-150x150.jpg 150w\" sizes=\"(max-width: 400px) 100vw, 400px\" \/><\/figure><div class=\"wp-block-media-text__content\">\n<h4 class=\"wp-block-heading\">Recicla el teu ordinador espatllat<\/h4>\n\n\n\n<p class=\"has-medium-font-size\">Si el teu ordinador ha deixat de funcionar i no pot ser arreglat, porta&#8217;l al punt de reciclatge m\u00e9s proper, per tal que els seus components puguin ser reciclats degudament.<\/p>\n<\/div><\/div>\n<\/div>\n<\/div>\n\n\n\n","protected":false},"excerpt":{"rendered":"<p>Tens un ordinador o una tauleta que ja no utilitzes? Dona\u2019l a trav\u00e9s de la plataforma Labdoo. El transformarem en una poderosa einal educativa i el lliurarem a una escola desafavorida. Has de viatjar i voldries transportar un port\u00e0til a una escola? Tant si viatges per vacances, per la teva ONG, o per feina, comunica\u2019t [&hellip;]<\/p>\n","protected":false},"author":2,"featured_media":0,"parent":0,"menu_order":0,"comment_status":"closed","ping_status":"closed","template":"","meta":{"footnotes":""},"class_list":["post-1772","page","type-page","status-publish","hentry"],"_links":{"self":[{"href":"https:\/\/www.labdoo.org\/global\/wp-json\/wp\/v2\/pages\/1772","targetHints":{"allow":["GET"]}}],"collection":[{"href":"https:\/\/www.labdoo.org\/global\/wp-json\/wp\/v2\/pages"}],"about":[{"href":"https:\/\/www.labdoo.org\/global\/wp-json\/wp\/v2\/types\/page"}],"author":[{"embeddable":true,"href":"https:\/\/www.labdoo.org\/global\/wp-json\/wp\/v2\/users\/2"}],"replies":[{"embeddable":true,"href":"https:\/\/www.labdoo.org\/global\/wp-json\/wp\/v2\/comments?post=1772"}],"version-history":[{"count":18,"href":"https:\/\/www.labdoo.org\/global\/wp-json\/wp\/v2\/pages\/1772\/revisions"}],"predecessor-version":[{"id":1899,"href":"https:\/\/www.labdoo.org\/global\/wp-json\/wp\/v2\/pages\/1772\/revisions\/1899"}],"wp:attachment":[{"href":"https:\/\/www.labdoo.org\/global\/wp-json\/wp\/v2\/media?parent=1772"}],"curies":[{"name":"wp","href":"https:\/\/api.w.org\/{rel}","templated":true}]}}