{"id":1770,"date":"2021-03-07T22:40:12","date_gmt":"2021-03-07T22:40:12","guid":{"rendered":"https:\/\/www.labdoo.org\/global\/?page_id=1770"},"modified":"2026-02-05T05:35:02","modified_gmt":"2026-02-05T05:35:02","slug":"sobre-nosaltres","status":"publish","type":"page","link":"https:\/\/www.labdoo.org\/global\/ca\/sobre-nosotraltres\/","title":{"rendered":"Sobre nosaltres"},"content":{"rendered":"<div class=\"wp-block-columns is-layout-flex wp-container-core-columns-is-layout-9d6595d7 wp-block-columns-is-layout-flex\">\n<div class=\"wp-block-column is-layout-flow wp-block-column-is-layout-flow\">\n<div class=\"video_wrapper\">\n<iframe src=\"https:\/\/www.youtube.com\/embed\/KMLAoeq0T54?hl=no&amp;cc_lang_pref=ca&amp;cc=1\" allow=\"accelerometer; autoplay; clipboard-write; encrypted-media; gyroscope; picture-in-picture\" allowfullscreen=\"\" width=\"560\" height=\"315\" frameborder=\"0\"><\/iframe><\/div>\n<\/div>\n\n\n\n<div class=\"wp-block-column is-layout-flow wp-block-column-is-layout-flow\">\n<p class=\"has-medium-font-size\">Labdoo.org \u00e9s una plataforma col\u00b7laborativa sense \u00e0nim de lucre que permet fer arribar port\u00e0tils carregats amb aplicacions educatives a escoles d\u2019arreu del m\u00f3n sense cap cost econ\u00f2mic i sense generar emissions de CO2 addicionals pel planeta. Gr\u00e0cies a la col\u00b7laboraci\u00f3 de milers de persones de tot el m\u00f3n, la plataforma humanit\u00e0ria Labdoo ha crescut fins a donar suport a m\u00e9s de 3.000 escoles en m\u00e9s de 150 pa\u00efsos, creant m\u00e9s de 500 hubs operatius repartits pels cinc continents i beneficiant m\u00e9s de 1.000.000 estudiants arreu del planeta.<\/p>\n\n\n\n<p class=\"has-medium-font-size\">Totes les persones involucrades en el projecte Labdoo s\u00f3n voluntaries i cap d\u2019elles rep cap altra remuneraci\u00f3 pel seu temps dedicat a la causa m\u00e9s que la satisfacci\u00f3 de veure l\u2019alegria dels nens i nenes que reben el regal d\u2019accedir a l\u2019educaci\u00f3.<\/p>\n\n\n\n\n<\/div>\n<\/div>\n\n\n\n<div style=\"height:43px\" aria-hidden=\"true\" class=\"wp-block-spacer\"><\/div>\n\n\n\n<h1 class=\"wp-block-heading\">Hubs per tot el m\u00f3n<\/h1>\n\n\n\n<div class=\"wp-block-columns is-layout-flex wp-container-core-columns-is-layout-9d6595d7 wp-block-columns-is-layout-flex\">\n<div class=\"wp-block-column is-layout-flow wp-block-column-is-layout-flow\">\n<p class=\"has-medium-font-size\">Un hub \u00e9s un grup de persones que es troben de tant en tant per desenvolupar activitats com la recollida i el sanejament de port\u00e0tils en des\u00fas, l&#8217;organitzaci\u00f3 dels viatgers que porten els ordinadors a les escoles, el reciclatge d\u2019aparells, i la divulgaci\u00f3 i la conscienciaci\u00f3 en les seves comunitats, entre d\u2019altres.<\/p>\n\n\n\n<p class=\"has-medium-font-size\">Degut a l\u2019extensa pres\u00e8ncia de Labdoo arreu del m\u00f3n, hi ha diferents models d\u2019organitzaci\u00f3, adaptats a les singularitats de les diferents localitats o als diferents enfocaments dels seus voluntaris. Tots ells, per\u00f2, comparteixen els mateixos principis de voluntariat, la mateixa plataforma i s\u00f3n una part de la comunitat col\u00b7laborativa global de Labdoo.<\/p>\n\n\n\n<p class=\"has-medium-font-size\">Pots veure la llista de tots els hubs Labdoo al <a href=\"https:\/\/platform.labdoo.org\/ca\/content\/hubs-dashboard\" target=\"_blank\" rel=\"noopener\">panell global de hubs<\/a>.<\/p>\n\n\n\n<p class=\"has-medium-font-size\">Si vols iniciar un hub Labdoo a la teva regi\u00f3,  <a href=\"https:\/\/platform.labdoo.org\/ca\/content\/contact-labdoo?re=2\" data-type=\"URL\" data-id=\"https:\/\/platform.labdoo.org\/ca\/content\/contact-labdoo?re=2\" target=\"_blank\" rel=\"noopener\">contacta&#8217;ns i t\u2019ajudarem a comen\u00e7ar<\/a>.<\/p>\n\n\n\n<p class=\"has-medium-font-size\"><\/p>\n<\/div>\n\n\n\n<div class=\"wp-block-column is-layout-flow wp-block-column-is-layout-flow\">\n<figure class=\"wp-block-image size-large\"><img fetchpriority=\"high\" decoding=\"async\" width=\"929\" height=\"666\" src=\"https:\/\/www.labdoo.org\/global\/wp-content\/uploads\/sites\/9\/2021\/02\/WP_global_abtus_1.png\" alt=\"\" class=\"wp-image-1215\" srcset=\"https:\/\/www.labdoo.org\/global\/wp-content\/uploads\/sites\/9\/2021\/02\/WP_global_abtus_1.png 929w, https:\/\/www.labdoo.org\/global\/wp-content\/uploads\/sites\/9\/2021\/02\/WP_global_abtus_1-300x215.png 300w, https:\/\/www.labdoo.org\/global\/wp-content\/uploads\/sites\/9\/2021\/02\/WP_global_abtus_1-768x551.png 768w\" sizes=\"(max-width: 929px) 100vw, 929px\" \/><\/figure>\n<\/div>\n<\/div>\n\n\n\n<h1 class=\"wp-block-heading\">Organitzacions Labdoo sense \u00e0nim de lucre<\/h1>\n\n\n\n<div class=\"wp-block-media-text alignwide is-stacked-on-mobile\" style=\"grid-template-columns:20% auto\"><figure class=\"wp-block-media-text__media\"><img decoding=\"async\" width=\"409\" height=\"420\" src=\"https:\/\/www.labdoo.org\/global\/wp-content\/uploads\/sites\/9\/2021\/02\/logo.jpg\" alt=\"\" class=\"wp-image-1319 size-full\"\/><\/figure><div class=\"wp-block-media-text__content\">\n<p class=\"has-medium-font-size\">Labdoo est\u00e0 registrada com organitzaci\u00f3 sense \u00e0nim de lucre en varis pa\u00efsos. Encara que hi ha diferents entitats, totes treballen coordinadament sota els mateixos principis.<\/p>\n\n\n\n<p class=\"has-medium-font-size\">Actualment Labdoo es troba registrada com organitzaci\u00f3 sense \u00e0nim de lucre a:<\/p>\n\n\n\n<ul class=\"wp-block-list\">\n<li>Estats Units \u2013 EIN: 027-3489966<\/li>\n\n\n\n<li>Espanya \u2013 53610 \u2013 J \/ 1<\/li>\n\n\n\n<li>Su\u00efssa \u2013 CH-400.6.430.891-5<\/li>\n\n\n\n<li>Alemanya \u2013 120\/5703\/1940<\/li>\n<\/ul>\n<\/div><\/div>\n\n\n\n<div style=\"height:60px\" aria-hidden=\"true\" class=\"wp-block-spacer\"><\/div>\n\n\n\n\n\n\n\n<h1 class=\"wp-block-heading has-text-align-left\">L\u2019equip Global de Labdoo<\/h1>\n\n\n<div class=\"wp-block-image\">\n<figure class=\"alignright size-large is-resized\"><img decoding=\"async\" width=\"1024\" height=\"694\" src=\"https:\/\/www.labdoo.org\/global\/wp-content\/uploads\/sites\/9\/2021\/02\/WP_global_abtus_2-e1612249882277-1024x694.png\" alt=\"\" class=\"wp-image-1234\" style=\"width:186px;height:126px\"\/><\/figure>\n<\/div>\n\n\n<div class=\"wp-block-group\"><div class=\"wp-block-group__inner-container is-layout-flow wp-block-group-is-layout-flow\">\n<div class=\"wp-block-columns is-layout-flex wp-container-core-columns-is-layout-9d6595d7 wp-block-columns-is-layout-flex\">\n<div class=\"wp-block-column is-layout-flow wp-block-column-is-layout-flow\" style=\"flex-basis:100%\">\n<p class=\"has-medium-font-size\">L\u2019equip global de Labdoo es troba regularment per fer un seguiment de les activitats i propostes relacionades amb l&#8217;acci\u00f3 global. Aquest equip est\u00e0 format per membres responsables dels super-hubs de les diferents regions Labdoo i algunes de les persones amb m\u00e9s experi\u00e8ncia de la plataforma.<\/p>\n<\/div>\n<\/div>\n<\/div><\/div>","protected":false},"excerpt":{"rendered":"<p>Labdoo.org \u00e9s una plataforma col\u00b7laborativa sense \u00e0nim de lucre que permet fer arribar port\u00e0tils carregats amb aplicacions educatives a escoles d\u2019arreu del m\u00f3n sense cap cost econ\u00f2mic i sense generar emissions de CO2 addicionals pel planeta. Gr\u00e0cies a la col\u00b7laboraci\u00f3 de milers de persones de tot el m\u00f3n, la plataforma humanit\u00e0ria Labdoo ha crescut fins [&hellip;]<\/p>\n","protected":false},"author":2,"featured_media":0,"parent":0,"menu_order":0,"comment_status":"closed","ping_status":"closed","template":"","meta":{"footnotes":""},"class_list":["post-1770","page","type-page","status-publish","hentry"],"_links":{"self":[{"href":"https:\/\/www.labdoo.org\/global\/wp-json\/wp\/v2\/pages\/1770","targetHints":{"allow":["GET"]}}],"collection":[{"href":"https:\/\/www.labdoo.org\/global\/wp-json\/wp\/v2\/pages"}],"about":[{"href":"https:\/\/www.labdoo.org\/global\/wp-json\/wp\/v2\/types\/page"}],"author":[{"embeddable":true,"href":"https:\/\/www.labdoo.org\/global\/wp-json\/wp\/v2\/users\/2"}],"replies":[{"embeddable":true,"href":"https:\/\/www.labdoo.org\/global\/wp-json\/wp\/v2\/comments?post=1770"}],"version-history":[{"count":19,"href":"https:\/\/www.labdoo.org\/global\/wp-json\/wp\/v2\/pages\/1770\/revisions"}],"predecessor-version":[{"id":2046,"href":"https:\/\/www.labdoo.org\/global\/wp-json\/wp\/v2\/pages\/1770\/revisions\/2046"}],"wp:attachment":[{"href":"https:\/\/www.labdoo.org\/global\/wp-json\/wp\/v2\/media?parent=1770"}],"curies":[{"name":"wp","href":"https:\/\/api.w.org\/{rel}","templated":true}]}}