{"id":1576,"date":"2021-02-10T06:10:34","date_gmt":"2021-02-10T06:10:34","guid":{"rendered":"https:\/\/www.labdoo.org\/global\/?page_id=1576"},"modified":"2021-02-15T05:52:01","modified_gmt":"2021-02-15T05:52:01","slug":"unterstutzen","status":"publish","type":"page","link":"https:\/\/www.labdoo.org\/global\/de\/collaborate\/","title":{"rendered":"Unterst\u00fctzen"},"content":{"rendered":"<div class=\"wp-block-columns is-layout-flex wp-container-core-columns-is-layout-9d6595d7 wp-block-columns-is-layout-flex\">\n<div class=\"wp-block-column is-layout-flow wp-block-column-is-layout-flow\">\n<figure class=\"wp-block-image size-large\"><a href=\"https:\/\/platform.labdoo.org\/de\/content\/contact-labdoo?re=0\" target=\"_blank\" rel=\"noopener\"><img fetchpriority=\"high\" decoding=\"async\" width=\"454\" height=\"175\" src=\"https:\/\/www.labdoo.org\/global\/wp-content\/uploads\/sites\/9\/2021\/02\/button-contribute-computer-de.png.jpg\" alt=\"\" class=\"wp-image-1548\" srcset=\"https:\/\/www.labdoo.org\/global\/wp-content\/uploads\/sites\/9\/2021\/02\/button-contribute-computer-de.png.jpg 454w, https:\/\/www.labdoo.org\/global\/wp-content\/uploads\/sites\/9\/2021\/02\/button-contribute-computer-de.png-300x116.jpg 300w\" sizes=\"(max-width: 454px) 100vw, 454px\" \/><\/a><\/figure>\n\n\n\n<h4 class=\"wp-block-heading\"><strong><strong>Du hast einen Laptop oder ein Tablet welches du nicht mehr nutzt?<\/strong><\/strong><\/h4>\n\n\n\n<p class=\"has-medium-font-size\">Spende das Ger\u00e4t \u00fcber die Labdoo Plattform. Es wird dann mit leistungsstarker Bildungssoftware \u00fcberspielt und zu einer bed\u00fcrftigen Schule gebracht.<\/p>\n<\/div>\n\n\n\n<div class=\"wp-block-column is-layout-flow wp-block-column-is-layout-flow\">\n<figure class=\"wp-block-image size-full\"><a href=\"https:\/\/platform.labdoo.org\/de\/content\/contact-labdoo?re=1\" target=\"_blank\" rel=\"noopener\"><img decoding=\"async\" width=\"547\" height=\"215\" src=\"https:\/\/www.labdoo.org\/global\/wp-content\/uploads\/sites\/9\/2021\/01\/button-contribute-dootrip-en.png\" alt=\"\" class=\"wp-image-732\" srcset=\"https:\/\/www.labdoo.org\/global\/wp-content\/uploads\/sites\/9\/2021\/01\/button-contribute-dootrip-en.png 547w, https:\/\/www.labdoo.org\/global\/wp-content\/uploads\/sites\/9\/2021\/01\/button-contribute-dootrip-en-300x118.png 300w\" sizes=\"(max-width: 547px) 100vw, 547px\" \/><\/a><\/figure>\n\n\n\n<h4 class=\"wp-block-heading\"><strong><strong><strong>Du wirst reisen und w\u00fcrdest gern ein Laptop mit zu einer Schule nehmen?<\/strong><\/strong><\/strong><\/h4>\n\n\n\n<p class=\"has-medium-font-size\">Egal ob du in den Urlaub reist oder f\u00fcr eine NGO auf eine Dienstreise gehst, melde dich bei Labdoo und wir vermitteln dich zu einer Schule an deinem Reiseziel wo du den p\u00e4dagogischen Laptop hinbringen kannst.<\/p>\n<\/div>\n\n\n\n<div class=\"wp-block-column is-layout-flow wp-block-column-is-layout-flow\">\n<figure class=\"wp-block-image size-large\"><a href=\"https:\/\/platform.labdoo.org\/de\/content\/contact-labdoo?re=3\" target=\"_blank\" rel=\"noopener\"><img decoding=\"async\" width=\"498\" height=\"187\" src=\"https:\/\/www.labdoo.org\/global\/wp-content\/uploads\/sites\/9\/2021\/02\/button-create-school-de.png.jpg\" alt=\"\" class=\"wp-image-1550\" srcset=\"https:\/\/www.labdoo.org\/global\/wp-content\/uploads\/sites\/9\/2021\/02\/button-create-school-de.png.jpg 498w, https:\/\/www.labdoo.org\/global\/wp-content\/uploads\/sites\/9\/2021\/02\/button-create-school-de.png-300x113.jpg 300w\" sizes=\"(max-width: 498px) 100vw, 498px\" \/><\/a><\/figure>\n\n\n\n<h4 class=\"wp-block-heading\"><strong><strong><strong>Du brauchst einen Laptop f\u00fcr eine Schule oder Bildungseinrichtung?<\/strong><\/strong><\/strong><\/h4>\n\n\n\n<p class=\"has-medium-font-size\">Wir freuen uns dich zu unterst\u00fctzen indem wir wir genutzte p\u00e4dagogische Laptops kostenlos zur Verf\u00fcgung stellen k\u00f6nnen.<\/p>\n<\/div>\n\n\n\n<div class=\"wp-block-column is-layout-flow wp-block-column-is-layout-flow\">\n<figure class=\"wp-block-image size-large\"><a href=\"https:\/\/platform.labdoo.org\/de\/content\/zu-labdoo\" target=\"_blank\" rel=\"noopener\"><img loading=\"lazy\" decoding=\"async\" width=\"499\" height=\"189\" src=\"https:\/\/www.labdoo.org\/global\/wp-content\/uploads\/sites\/9\/2021\/02\/button-learn-how-it-works-de.png.jpg\" alt=\"\" class=\"wp-image-1551\" srcset=\"https:\/\/www.labdoo.org\/global\/wp-content\/uploads\/sites\/9\/2021\/02\/button-learn-how-it-works-de.png.jpg 499w, https:\/\/www.labdoo.org\/global\/wp-content\/uploads\/sites\/9\/2021\/02\/button-learn-how-it-works-de.png-300x114.jpg 300w\" sizes=\"(max-width: 499px) 100vw, 499px\" \/><\/a><\/figure>\n\n\n\n<h4 class=\"wp-block-heading\"><strong><strong><strong>Du m\u00f6chtest gern einen eigenen Labdoo Standort gr\u00fcnden oder hast andere Fragen an Labdoo?<\/strong><\/strong><\/strong><\/h4>\n\n\n\n<p class=\"has-medium-font-size\">Du m\u00f6chtest selber Teil des Labdoo Projektes werden? Gr\u00fcnde einen eigenen Standort, veranstalte lokale Events in deiner Umgebung, teile die Idee\u2026 Es gibt immer einen Weg wie du helfen kannst!<\/p>\n<\/div>\n<\/div>\n\n\n\n<div class=\"wp-block-columns ticss-4372fe51 is-layout-flex wp-container-core-columns-is-layout-9d6595d7 wp-block-columns-is-layout-flex\">\n<div class=\"wp-block-column is-layout-flow wp-block-column-is-layout-flow\">\n<div class=\"wp-block-image\"><figure class=\"alignright size-large is-resized\"><a href=\"https:\/\/platform.labdoo.org\/de\/user\/register\" target=\"_blank\" rel=\"noopener\"><img loading=\"lazy\" decoding=\"async\" src=\"https:\/\/www.labdoo.org\/global\/wp-content\/uploads\/sites\/9\/2021\/02\/button-become-labdooer-de.png.jpg\" alt=\"\" class=\"wp-image-1547\" width=\"220\" height=\"110\"\/><\/a><\/figure><\/div>\n<\/div>\n\n\n\n<div class=\"wp-block-column is-layout-flow wp-block-column-is-layout-flow\">\n<div style=\"height:8px\" aria-hidden=\"true\" class=\"wp-block-spacer\"><\/div>\n\n\n\n<h4 class=\"ticss-363bbd8e wp-block-heading\"><strong>Sei Teil dieses einmaligen Abenteuers<\/strong><\/h4>\n\n\n\n<p class=\"has-medium-font-size\">Registriere dich auf der Labdoo Plattform um mit dem erfassen von Laptops zu beginnen und Schulen auf der ganzen Welt zu helfen.<\/p>\n<\/div>\n<\/div>\n\n\n\n<hr class=\"wp-block-separator has-text-color has-background has-cyan-bluish-gray-background-color has-cyan-bluish-gray-color is-style-wide\"\/>\n\n\n\n<div class=\"wp-block-columns is-layout-flex wp-container-core-columns-is-layout-9d6595d7 wp-block-columns-is-layout-flex\">\n<div class=\"wp-block-column is-layout-flow wp-block-column-is-layout-flow\" style=\"flex-basis:100%\">\n<h1 class=\"wp-block-heading\">W\u00e4hle einen der vielen Wege um zu helfen<\/h1>\n\n\n\n<div class=\"wp-block-media-text alignwide is-stacked-on-mobile\" style=\"grid-template-columns:18% auto\"><figure class=\"wp-block-media-text__media\"><img loading=\"lazy\" decoding=\"async\" width=\"272\" height=\"400\" src=\"https:\/\/www.labdoo.org\/global\/wp-content\/uploads\/sites\/9\/2021\/02\/WP_global_collab_0-1-e1612637842364.jpg\" alt=\"\" class=\"wp-image-1423 size-full\"\/><\/figure><div class=\"wp-block-media-text__content\">\n<h4 class=\"wp-block-heading\">Du verreist bald und m\u00f6chtest helfen einen Laptop zu transportieren und zu einer Schule zu bekommen?<\/h4>\n\n\n\n<p class=\"has-medium-font-size\"><a href=\"https:\/\/www.labdoo.org\/global\/content\/contact-labdoo?re=1\">Klicke hier um Labdoo zu erreichen<\/a> und wir verbinden dich mit einer Schule in der N\u00e4he deines Reiseziels wo du den Laptop abgeben kannst.\u00a0<\/p>\n\n\n\n<p class=\"has-medium-font-size\">Happy dootrips!<\/p>\n<\/div><\/div>\n\n\n\n<div style=\"height:30px\" aria-hidden=\"true\" class=\"wp-block-spacer\"><\/div>\n\n\n\n<div class=\"wp-block-media-text alignwide is-stacked-on-mobile\" style=\"grid-template-columns:18% auto\"><figure class=\"wp-block-media-text__media\"><img loading=\"lazy\" decoding=\"async\" width=\"400\" height=\"305\" src=\"https:\/\/www.labdoo.org\/global\/wp-content\/uploads\/sites\/9\/2021\/02\/WP_global_collab_5-e1612637292968.jpg\" alt=\"\" class=\"wp-image-1416 size-full\"\/><\/figure><div class=\"wp-block-media-text__content\">\n<h4 class=\"wp-block-heading\">Verbreite die Idee<\/h4>\n\n\n\n<p class=\"has-medium-font-size\">Du magst es sinnvolle Geschichten unter die Leute zu bringen?<\/p>\n\n\n\n<p class=\"has-medium-font-size\">Erkl\u00e4re das Labdoo Konzept mit deinen Freunden, teile deine Erfahrungen mit Labdoo, teile uns bei den Social Media und hilf die Labdoo Familie zu vergr\u00f6\u00dfern.<br><a href=\"https:\/\/www.facebook.com\/Labdoo\/\" target=\"_blank\" rel=\"noopener\">Labdoo in Facebook<\/a><br><a href=\"https:\/\/www.instagram.com\/labdoo_d\" target=\"_blank\" rel=\"noopener\">Labdoo in Instagram<\/a><br><a href=\"https:\/\/www.linkedin.com\/company\/labdoo.org\/\" data-type=\"URL\" data-id=\"https:\/\/www.linkedin.com\/company\/labdoo.org\/\" target=\"_blank\" rel=\"noopener\">Labdoo in LinkedIn<\/a><\/p>\n<\/div><\/div>\n\n\n\n<div style=\"height:30px\" aria-hidden=\"true\" class=\"wp-block-spacer\"><\/div>\n\n\n\n<div class=\"wp-block-media-text alignwide is-stacked-on-mobile\" style=\"grid-template-columns:18% auto\"><figure class=\"wp-block-media-text__media\"><img loading=\"lazy\" decoding=\"async\" width=\"337\" height=\"389\" src=\"https:\/\/www.labdoo.org\/global\/wp-content\/uploads\/sites\/9\/2021\/02\/WP_global_collab_3.jpg\" alt=\"\" class=\"wp-image-1414 size-full\" srcset=\"https:\/\/www.labdoo.org\/global\/wp-content\/uploads\/sites\/9\/2021\/02\/WP_global_collab_3.jpg 337w, https:\/\/www.labdoo.org\/global\/wp-content\/uploads\/sites\/9\/2021\/02\/WP_global_collab_3-260x300.jpg 260w\" sizes=\"(max-width: 337px) 100vw, 337px\" \/><\/figure><div class=\"wp-block-media-text__content\">\n<h4 class=\"wp-block-heading\">Gr\u00fcnde einen Labdoo Standort in deiner Stadt<\/h4>\n\n\n\n<p class=\"has-medium-font-size\">Du bist interessiert um den Kindern mit Bildung zu helfen die es am meisten ben\u00f6tigen?<\/p>\n\n\n\n<p class=\"has-medium-font-size\">Du kannst ein eigenes Labdoo Zentrum f\u00fcr deine Stadt, deinen Arbeitgeber, deiner NGO, deiner Schule oder Hochschule gr\u00fcnden.<\/p>\n<\/div><\/div>\n\n\n\n<div style=\"height:30px\" aria-hidden=\"true\" class=\"wp-block-spacer\"><\/div>\n\n\n\n<div class=\"wp-block-media-text alignwide is-stacked-on-mobile\" style=\"grid-template-columns:18% auto\"><figure class=\"wp-block-media-text__media\"><img loading=\"lazy\" decoding=\"async\" width=\"400\" height=\"380\" src=\"https:\/\/www.labdoo.org\/global\/wp-content\/uploads\/sites\/9\/2021\/02\/WP_global_collab_2-e1612637248397.jpg\" alt=\"\" class=\"wp-image-1413 size-full\"\/><\/figure><div class=\"wp-block-media-text__content\">\n<h4 class=\"wp-block-heading\">Zusammenarbeit mit Firmen<\/h4>\n\n\n\n<p class=\"has-medium-font-size\">Deine Firma m\u00f6chte Laptops austauschen?<\/p>\n\n\n\n<p class=\"has-medium-font-size\">Das k\u00f6nnte f\u00fcr viele Kinder einen riesen Unterschied machen. <a href=\"https:\/\/www.labdoo.org\/global\/\/content\/labdoos-corporate-social-responsibility-csr-package\">Schau dir unsere Pakete f\u00fcr Soziale Verantwortung von Unternehmen<\/a> an und nimm Kontakt mit uns auf.<\/p>\n<\/div><\/div>\n\n\n\n<div style=\"height:30px\" aria-hidden=\"true\" class=\"wp-block-spacer\"><\/div>\n\n\n\n<div class=\"wp-block-media-text alignwide is-stacked-on-mobile\" style=\"grid-template-columns:18% auto\"><figure class=\"wp-block-media-text__media\"><img loading=\"lazy\" decoding=\"async\" width=\"400\" height=\"326\" src=\"https:\/\/www.labdoo.org\/global\/wp-content\/uploads\/sites\/9\/2021\/02\/WP_global_collab_6-e1612637219548.jpg\" alt=\"\" class=\"wp-image-1417 size-full\"\/><\/figure><div class=\"wp-block-media-text__content\">\n<h4 class=\"wp-block-heading\">Etabliere die Kreislaufwirtschaft in deiner eigenen Stadt<\/h4>\n\n\n\n<p class=\"has-medium-font-size\"><a href=\"https:\/\/platform.labdoo.org\/content\/labdoo-cities\/\" target=\"_blank\" rel=\"noopener\">Schau hier f\u00fcr das Labdoo St\u00e4dte Programm<\/a><\/p>\n\n\n\n<p class=\"has-medium-font-size\">Finde heraus wie du helfen kannst in deiner Nachbarschaft gebrauchte Ger\u00e4te zu recyceln.<\/p>\n<\/div><\/div>\n\n\n\n<div style=\"height:30px\" aria-hidden=\"true\" class=\"wp-block-spacer\"><\/div>\n\n\n\n<div class=\"wp-block-media-text alignwide is-stacked-on-mobile\" style=\"grid-template-columns:18% auto\"><figure class=\"wp-block-media-text__media\"><img loading=\"lazy\" decoding=\"async\" width=\"419\" height=\"480\" src=\"https:\/\/www.labdoo.org\/global\/wp-content\/uploads\/sites\/9\/2021\/02\/WP_global_collab_4-1-419x480.jpg\" alt=\"\" class=\"wp-image-1418 size-full\"\/><\/figure><div class=\"wp-block-media-text__content\">\n<h4 class=\"wp-block-heading\">Unterst\u00fctze Labdoo.org zu \u00fcbersetzen<\/h4>\n\n\n\n<p class=\"has-medium-font-size\">Du hast gute Sprachkenntnisse? <\/p>\n\n\n\n<p class=\"has-medium-font-size\">Dann hilf dem Labdoo Projekt indem du die Internetplattform, Anleitungen oder Videos \u00fcbersetzt. Unterst\u00fctze uns um noch mehr Leute zu erreichen.<\/p>\n<\/div><\/div>\n\n\n\n<div style=\"height:30px\" aria-hidden=\"true\" class=\"wp-block-spacer\"><\/div>\n\n\n\n<div class=\"wp-block-media-text alignwide is-stacked-on-mobile\" style=\"grid-template-columns:18% auto\"><figure class=\"wp-block-media-text__media\"><img loading=\"lazy\" decoding=\"async\" width=\"400\" height=\"400\" src=\"https:\/\/www.labdoo.org\/global\/wp-content\/uploads\/sites\/9\/2021\/02\/WP_global_collab_1-e1612636964543.jpg\" alt=\"\" class=\"wp-image-1412 size-full\" srcset=\"https:\/\/www.labdoo.org\/global\/wp-content\/uploads\/sites\/9\/2021\/02\/WP_global_collab_1-e1612636964543.jpg 400w, https:\/\/www.labdoo.org\/global\/wp-content\/uploads\/sites\/9\/2021\/02\/WP_global_collab_1-e1612636964543-300x300.jpg 300w, https:\/\/www.labdoo.org\/global\/wp-content\/uploads\/sites\/9\/2021\/02\/WP_global_collab_1-e1612636964543-150x150.jpg 150w\" sizes=\"(max-width: 400px) 100vw, 400px\" \/><\/figure><div class=\"wp-block-media-text__content\">\n<h4 class=\"wp-block-heading\">Recycle deinen kaputten Laptop<\/h4>\n\n\n\n<p class=\"has-medium-font-size\">Wenn dein Laptop wirklich kaputt ist und nicht repariert werden kann, dann bring ihr zu einem Wertstoffhof in deiner N\u00e4he das alle Komponenten fachgerecht entsorgt werden k\u00f6nnen.<\/p>\n<\/div><\/div>\n<\/div>\n<\/div>","protected":false},"excerpt":{"rendered":"<p>Du hast einen Laptop oder ein Tablet welches du nicht mehr nutzt? Spende das Ger\u00e4t \u00fcber die Labdoo Plattform. Es wird dann mit leistungsstarker Bildungssoftware \u00fcberspielt und zu einer bed\u00fcrftigen Schule gebracht. Du wirst reisen und w\u00fcrdest gern ein Laptop mit zu einer Schule nehmen? Egal ob du in den Urlaub reist oder f\u00fcr eine [&hellip;]<\/p>\n","protected":false},"author":2,"featured_media":0,"parent":0,"menu_order":0,"comment_status":"closed","ping_status":"closed","template":"","meta":{"footnotes":""},"class_list":["post-1576","page","type-page","status-publish","hentry"],"_links":{"self":[{"href":"https:\/\/www.labdoo.org\/global\/wp-json\/wp\/v2\/pages\/1576","targetHints":{"allow":["GET"]}}],"collection":[{"href":"https:\/\/www.labdoo.org\/global\/wp-json\/wp\/v2\/pages"}],"about":[{"href":"https:\/\/www.labdoo.org\/global\/wp-json\/wp\/v2\/types\/page"}],"author":[{"embeddable":true,"href":"https:\/\/www.labdoo.org\/global\/wp-json\/wp\/v2\/users\/2"}],"replies":[{"embeddable":true,"href":"https:\/\/www.labdoo.org\/global\/wp-json\/wp\/v2\/comments?post=1576"}],"version-history":[{"count":4,"href":"https:\/\/www.labdoo.org\/global\/wp-json\/wp\/v2\/pages\/1576\/revisions"}],"predecessor-version":[{"id":1728,"href":"https:\/\/www.labdoo.org\/global\/wp-json\/wp\/v2\/pages\/1576\/revisions\/1728"}],"wp:attachment":[{"href":"https:\/\/www.labdoo.org\/global\/wp-json\/wp\/v2\/media?parent=1576"}],"curies":[{"name":"wp","href":"https:\/\/api.w.org\/{rel}","templated":true}]}}