{"id":1561,"date":"2021-02-09T21:25:24","date_gmt":"2021-02-09T21:25:24","guid":{"rendered":"https:\/\/www.labdoo.org\/global\/?page_id=1561"},"modified":"2026-02-05T05:27:55","modified_gmt":"2026-02-05T05:27:55","slug":"about-us-2","status":"publish","type":"page","link":"https:\/\/www.labdoo.org\/global\/de\/about-us\/","title":{"rendered":"\u00dcber uns"},"content":{"rendered":"<div class=\"wp-block-columns is-layout-flex wp-container-core-columns-is-layout-9d6595d7 wp-block-columns-is-layout-flex\">\n<div class=\"wp-block-column is-layout-flow wp-block-column-is-layout-flow\">\n<div class=\"video_wrapper\">\n<iframe src=\"https:\/\/www.youtube.com\/embed\/BE2RwBEYt48\" allow=\"accelerometer; autoplay; clipboard-write; encrypted-media; gyroscope; picture-in-picture\" allowfullscreen=\"\" width=\"560\" height=\"315\" frameborder=\"0\"><\/iframe><\/div>\n<\/div>\n\n\n\n<div class=\"wp-block-column is-layout-flow wp-block-column-is-layout-flow\">\n<p class=\"has-medium-font-size\">Labdoo ist eine gemeinn\u00fctzige Plattform die es erm\u00f6glicht ungenutzte Laptops mit leistungsf\u00e4higer Bildungssoftware zu bed\u00fcrftigen Schulen in der ganzen Welt CO2-neutral zu bringen.<\/p>\n\n\n\n<p class=\"has-medium-font-size\">Dank der weltweiten Zusammenarbeit von tausende freiwillige Helfer*innen konnte sich die Labdoo Plattform in \u00fcber mehr als 148L\u00e4nder verbreiten und schon mehr als 3000 Schulen unterst\u00fctzen. Durch die in 5 Kontinenten verteilten \u00fcber 500 operativen Standorte konnten schon mehr als 1.000.000 Sch\u00fcler*innen in der ganzen Welt davon profitieren.\u00a0<\/p>\n\n\n\n<p class=\"has-medium-font-size\">Jeder der beim Labdoo Projekt mitmacht ist freiwillig dabei und keiner unserer Mitglieder*innen erh\u00e4lt eine Verg\u00fctung f\u00fcr den Aufwand, au\u00dfer die Genugtuung die Freude der Kinder mitzuerleben zu k\u00f6nnen wenn diese&nbsp; Bildung erhalten.<\/p>\n\n\n\n<p class=\"has-medium-font-size\"><\/p>\n<\/div>\n<\/div>\n\n\n\n<div style=\"height:43px\" aria-hidden=\"true\" class=\"wp-block-spacer\"><\/div>\n\n\n\n<h1 class=\"wp-block-heading\">Standorte weltweit<\/h1>\n\n\n\n<div class=\"wp-block-columns is-layout-flex wp-container-core-columns-is-layout-9d6595d7 wp-block-columns-is-layout-flex\">\n<div class=\"wp-block-column is-layout-flow wp-block-column-is-layout-flow\">\n<p class=\"has-medium-font-size\">Ein Standort zeichnet sich durch eine Gruppe von Leuten aus, die sich von Zeit zu Zeit regelm\u00e4\u00dfig treffen um Aktivit\u00e4ten, wie das Sammeln oder Umr\u00fcsten von ungenutzten Laptops durchzuf\u00fchren, helfen Initiativen und Reisende zusammenzubringen um die Laptops in die Schulen zu bringen, Ger\u00e4t zu recyclen, oder aktive \u00d6ffentlichkeitsarbeit in ihrem lokalen Umfeld durchzuf\u00fchren um die Idee zu verbreiten<\/p>\n\n\n\n<p class=\"has-medium-font-size\">Durch die weltweite Pr\u00e4senz von Labdoo haben sich die Gruppen und Standorte auch jeweils unterschiedlich organisiert um den lokalen Umst\u00e4nden bestm\u00f6glich angepasst zu sein und den freiwilligen Helfern auch eine gewissen Spielraum bei der Gestaltung und Umsetzung zu belassen. Jedoch teilen alle gleichen freiwilligen Grunds\u00e4tze, die gleiche Plattform und sind Teil einer Gemeinschaft die global zusammenarbeitet.<\/p>\n\n\n\n<p class=\"has-medium-font-size\">Klick auf \u2018Labdoo Global\u2019 oben auf der Seite um mehr \u00fcber die lokalen Aktivit\u00e4ten in den einzelnen Regionen zu erfahren. Eine <a href=\"https:\/\/platform.labdoo.org\/de\/content\/hubs-dashboard\" target=\"_blank\" rel=\"noopener\">Liste aller aktuellen Standorte<\/a> kannst du hier einsehen<\/p>\n\n\n\n<p class=\"has-medium-font-size\">Wenn du einen eigenen Labdoo Standort in deiner Region gr\u00fcnden m\u00f6chtest, nimm einfach <a href=\"https:\/\/platform.labdoo.org\/de\/content\/contact-labdoo?re=2\" target=\"_blank\" rel=\"noopener\">Kontakt<\/a> mit uns auf und wir freuen uns dir mit den ersten Schritten zu helfen.<\/p>\n<\/div>\n\n\n\n<div class=\"wp-block-column is-layout-flow wp-block-column-is-layout-flow\">\n<figure class=\"wp-block-image size-large\"><img fetchpriority=\"high\" decoding=\"async\" width=\"929\" height=\"666\" src=\"https:\/\/www.labdoo.org\/global\/wp-content\/uploads\/sites\/9\/2021\/02\/WP_global_abtus_1.png\" alt=\"\" class=\"wp-image-1215\" srcset=\"https:\/\/www.labdoo.org\/global\/wp-content\/uploads\/sites\/9\/2021\/02\/WP_global_abtus_1.png 929w, https:\/\/www.labdoo.org\/global\/wp-content\/uploads\/sites\/9\/2021\/02\/WP_global_abtus_1-300x215.png 300w, https:\/\/www.labdoo.org\/global\/wp-content\/uploads\/sites\/9\/2021\/02\/WP_global_abtus_1-768x551.png 768w\" sizes=\"(max-width: 929px) 100vw, 929px\" \/><\/figure>\n<\/div>\n<\/div>\n\n\n\n<div style=\"height:60px\" aria-hidden=\"true\" class=\"wp-block-spacer\"><\/div>\n\n\n\n<h1 class=\"wp-block-heading\">Gemeinn\u00fctzige Labdoo Organisationen<\/h1>\n\n\n\n<div class=\"wp-block-media-text alignwide is-stacked-on-mobile\" style=\"grid-template-columns:20% auto\"><figure class=\"wp-block-media-text__media\"><img decoding=\"async\" width=\"409\" height=\"420\" src=\"https:\/\/www.labdoo.org\/global\/wp-content\/uploads\/sites\/9\/2021\/02\/logo.jpg\" alt=\"\" class=\"wp-image-1319 size-full\"\/><\/figure><div class=\"wp-block-media-text__content\">\n<p class=\"has-medium-font-size\">Labdoo ist als gemeinn\u00fctzige Organisation in einigen L\u00e4ndern registriert. Auch wenn es verschiedene Gesellschaften sind, alle arbeiten koordiniert zusammen und folgen den gleichen Grunds\u00e4tzen.<\/p>\n\n\n\n<p class=\"has-medium-font-size\">Derzeit kann man Labdoo als registrierte gemeinn\u00fctzige Organisation in den folgenden L\u00e4ndern finden:<\/p>\n\n\n\n<ul class=\"wp-block-list\">\n<li>Vereinigte Staaten von Amerika \u2013 EIN: 027-3489966<\/li>\n\n\n\n<li>Spanien \u2013 53610 \u2013 J \/ 1<\/li>\n\n\n\n<li>Schweiz \u2013 CH-400.6.430.891-5<\/li>\n\n\n\n<li>Deutschland \u2013 120\/5703\/1940<\/li>\n<\/ul>\n<\/div><\/div>\n\n\n\n<div style=\"height:60px\" aria-hidden=\"true\" class=\"wp-block-spacer\"><\/div>\n\n\n\n<h1 class=\"wp-block-heading\">Das Labdoo Kernteam<\/h1>\n\n\n\n<div class=\"wp-block-media-text alignwide has-media-on-the-right is-stacked-on-mobile ticss-7abdd040\" style=\"grid-template-columns:auto 29%\"><div class=\"wp-block-media-text__content\">\n<p class=\"has-medium-font-size\">Das globale Kernteam kommt regelm\u00e4\u00dfig zusammen um sich \u00fcber die weltweiten Aktivit\u00e4ten und Vorschl\u00e4ge auszutauschen. Das Team besteht aus Mitgliedern die f\u00fcr die gr\u00f6\u00dften Standorte und Regionen verantwortlich sind und einige sehr erfahrene Mitglieder aus der Labdoo Gemeinschaft.<\/p>\n<\/div><figure class=\"wp-block-media-text__media\"><img decoding=\"async\" src=\"https:\/\/www.labdoo.org\/global\/wp-content\/uploads\/sites\/9\/2021\/02\/laptop-logo.jpg\" alt=\"\" class=\"wp-image-1320 size-full\"\/><\/figure><\/div>\n\n\n\n","protected":false},"excerpt":{"rendered":"<p>Labdoo ist eine gemeinn\u00fctzige Plattform die es erm\u00f6glicht ungenutzte Laptops mit leistungsf\u00e4higer Bildungssoftware zu bed\u00fcrftigen Schulen in der ganzen Welt CO2-neutral zu bringen. Dank der weltweiten Zusammenarbeit von tausende freiwillige Helfer*innen konnte sich die Labdoo Plattform in \u00fcber mehr als 148L\u00e4nder verbreiten und schon mehr als 3000 Schulen unterst\u00fctzen. Durch die in 5 Kontinenten verteilten [&hellip;]<\/p>\n","protected":false},"author":2,"featured_media":0,"parent":0,"menu_order":0,"comment_status":"closed","ping_status":"closed","template":"","meta":{"footnotes":""},"class_list":["post-1561","page","type-page","status-publish","hentry"],"_links":{"self":[{"href":"https:\/\/www.labdoo.org\/global\/wp-json\/wp\/v2\/pages\/1561","targetHints":{"allow":["GET"]}}],"collection":[{"href":"https:\/\/www.labdoo.org\/global\/wp-json\/wp\/v2\/pages"}],"about":[{"href":"https:\/\/www.labdoo.org\/global\/wp-json\/wp\/v2\/types\/page"}],"author":[{"embeddable":true,"href":"https:\/\/www.labdoo.org\/global\/wp-json\/wp\/v2\/users\/2"}],"replies":[{"embeddable":true,"href":"https:\/\/www.labdoo.org\/global\/wp-json\/wp\/v2\/comments?post=1561"}],"version-history":[{"count":6,"href":"https:\/\/www.labdoo.org\/global\/wp-json\/wp\/v2\/pages\/1561\/revisions"}],"predecessor-version":[{"id":2044,"href":"https:\/\/www.labdoo.org\/global\/wp-json\/wp\/v2\/pages\/1561\/revisions\/2044"}],"wp:attachment":[{"href":"https:\/\/www.labdoo.org\/global\/wp-json\/wp\/v2\/media?parent=1561"}],"curies":[{"name":"wp","href":"https:\/\/api.w.org\/{rel}","templated":true}]}}